) to base 2
110011110110101100
Convert 606320 (base 7) to base 16.
19295
a6c03 (base 13) to base 5
34111243
-31371 (base 16) to base 13
-709a7
Convert 6c70a (base 13) to base 6.
4132535
What is -10001211211 (base 3) in base 5?
-3413034
Convert 240503 (base 9) to base 16.
2356e
Convert 2021b8 (base 14) to base 11.
6795a7
222445455 (base 6) to base 10
4049963
-5782a (base 15) to base 5
-32403330
8c624 (base 14) to base 2
1010011010111011000
What is 101db (base 14) in base 5?
2220210
-4b4909 (base 14) to base 5
-1130232441
What is f81f (base 16) in base 9?
106116
What is 3427d8 (base 15) in base 4?
21133231001
Convert ec91 (base 16) to base 12.
2b069
-32010321103 (base 4) to base 5
-1421040232
What is -10000221110121 (base 3) in base 11?
-a01872
1851 (base 16) to base 14
23a9
-4060430 (base 11) to base 16
-6d79cf
Convert -4411144203 (base 5) to base 7.
-143351461
Convert -51a068 (base 11) to base 3.
-1120100001020
What is 1032300313 (base 4) in base 11?
200427
Convert 8426e (base 15) to base 12.
182612
Convert 1020220130 (base 5) to base 4.
20010310303
210000020122 (base 3) to base 15
827d2
-33531 (base 9) to base 15
-691d
What is -3342123420 (base 5) in base 15?
-9ab95a
Convert -35315514 (base 6) to base 11.
-690755
What is 322710 (base 8) in base 10?
107976
What is 5646544 (base 7) in base 11?
439767
122012113 (base 5) to base 16
8d5d9
-110111111001001011011 (base 2) to base 5
-432102030
What is 541d (base 16) in base 12?
10565
-4127202 (base 12) to base 14
-18ab0b0
-50391 (base 13) to base 4
-203001012
What is -3020333202 (base 4) in base 2?
-11001000111111100010
122033113123 (base 4) to base 11
3979069
Convert 15204628 (base 9) to base 4.
130312013210
What is 156a80 (base 15) in base 11?
647779
Convert -2548934 (base 11) to base 4.
-100312302123
What is -8894 (base 15) in base 16?
-710b
Convert 518418 (base 13) to base 8.
7205303
What is -1181755 (base 9) in base 4?
-2131103210
-1011000100010100000 (base 2) to base 5
-43101111
What is 72ed4 (base 15) in base 10?
364474
1235232 (base 7) to base 11
aa48a
-3728118 (base 9) to base 5
-1004323333
Convert -18ce6 (base 15) to base 13.
-2a876
Convert -451702 (base 11) to base 14.
-14a353
Convert 5054344 (base 6) to base 2.
111010110001111000
-268156 (base 10) to base 9
-447751
3221243231 (base 5) to base 9
13746536
What is -d8101 (base 15) in base 3?
-1021211010101
421245 (base 6) to base 8
102335
Convert -8e3da (base 16) to base 12.
-2411b6
What is 45332500 (base 6) in base 9?
2534150
What is -11001100000011110111 (base 2) in base 12?
-343847
-1900659 (base 11) to base 6
-153015442
What is -20129 (base 12) in base 13?
-15c5a
Convert -480051 (base 13) to base 4.
-12202120332
Convert -3b9e75 (base 15) to base 12.
-b6410b
Convert 100110111010111 (base 2) to base 11.
13a76
What is 1011100313320 (base 4) in base 10?
18157048
What is 2397670 (base 10) in base 16?
2495e6
-484192 (base 13) to base 2
-110100100100101110000
What is 3082468 (base 11) in base 6?
312254103
Convert 3578019 (base 10) to base 13.
983793
What is -48708 (base 12) in base 14?
-278c8
-1141324 (base 5) to base 15
-655e
What is 2495794 (base 10) in base 14?
48d790
What is -1021432330 (base 5) in base 14?
-3d9acb
30012222001 (base 4) to base 8
14065201
What is -21010022011211 (base 3) in base 8?
-16340612
Convert -2a036 (base 15) to base 6.
-2521123
Convert -1333440 (base 5) to base 8.
-65352
Convert -22b828b (base 12) to base 11.
-3874870
What is -137864 (base 11) in base 3?
-101221101011
Convert -27535 (base 16) to base 8.
-472465
286399 (base 12) to base 10
674469
What is -1e837 (base 15) in base 5?
-11142402
Convert 32331002022 (base 4) to base 5.
2000420020
What is -1121101 (base 3) in base 14?
-5d9
What is 463546 (base 8) in base 12?
77206
What is 32176520 (base 8) in base 2?
11010001111110101010000
What is -c11bce (base 16) in base 6?
-1131130330
What is 92998 (base 13) in base 6?
5350001
Convert 1000111010110101000000 (base 2) to base 10.
2338112
What is -121221122111012 (base 3) in base 4?
-202113030020
What is 213301331 (base 5) in base 8?
3374601
-27edf8 (base 16) to base 4
-21332313320
Convert -36571451 (base 8) to base 11.
-4603909
What is -46844 (base 13) in base 16?
-1f742
-101001100100100011 (base 2) to base 8
-514443
Convert 15656 (base 16) to base 7.
513335
Convert 313242400 (base 5) to base 9.
2410413
1000010110000000011000011 (base 2) to base 7
301506321
Convert 153370 (base 14) to base 6.
23500250
What is -10000001011111110001010 (base 2) in base 16?
-40bf8a
-103112200132 (base 4) to base 8
-23264036
What is 400421332 (base 5) in base 14?
2d072b
23202213233 (base 4) to base 10
3025391
-b340 (base 12) to base 14
-7160
Convert -11111101000001110101110 (base 2) to base 4.
-133220032232
13b41b (base 16) to base 7
13655461
Convert 1001021212210212 (base 3) to base 16.
e56c5e
1003111223 (base 4) to base 13
9870b
What is 35226061 (base 7) in base 10?
3099391
-340363 (base 12) to base 6
-25442203
-15076 (base 10) to base 16
-3ae4
Convert -4534245 (base 6) to base 4.
-320033111
What is 5660486 (base 9) in base 4?
23220330003
What is 441255 (base 7) in base 13?
29262
What is -1536789 (base 10) in base 3?
-2220002002010
What is -1505969 (base 13) in base 10?
-6695867
Convert -323785 (base 10) to base 11.
-2012a0
What is 18788 (base 16) in base 10?
100232
Convert 101010333 (base 5) to base 4.
1203112320
Convert -268a0 (base 14) to base 15.
-1d239
1110011010000101 (base 2) to base 5
3342023
-12310552 (base 7) to base 12
-4575a1
1001121212122 (base 3) to base 16
898e2
Convert -188c0e (base 15) to base 10.
-1194089
Convert 1000100111001001111 (base 2) to base 14.
74ba7
3115233 (base 7) to base 11
235a93
Convert -61407 (base 12) to base 9.
-212747
What is -211268 (base 12) in base 5?
-113123441
What is 353028 (base 9) in base 4?
303303011
Convert -1412302 (base 6) to base 8.
-233356
What is -12561731 (base 9) in base 11?
-3542516
What is a3c84 (base 13) in base 5?
33404322
Convert 555144504 (base 6) to base 5.
10032420143
Convert -442415 (base 6) to base 3.
-1212120202
Convert 13424073 (base 8) to base 2.
1011100010100000111011
What is 119519 (base 11) in base 10?
188296
20200102200201 (base 3) to base 8
15430350
Convert -37318 (base 9) to base 7.
-133010
What is -1001011000110100010101 (base 2) in base 16?
-258d15
Convert -22020011010 (base 3) to base 4.
-213202131
What is 22210011120201 (base 3) in base 2?
10001110011101100110011
-96103 (base 10) to base 2
-10111011101100111
What is -101010000001001100100 (base 2) in base 6?
-45302220
Convert -2265341 (base 7) to base 14.
-75d21
Convert 541440 (base 9) to base 10.
322578
Convert 580a02 (base 15) to base 14.
7b618b
Convert 110111010000010010011 (base 2) to base 11.
1027351
Convert -4a5967 (base 16) to base 5.
-2221410201
Convert -245120 (base 12) to base 4.
-2033321220
-36415645 (base 7) to base 16
-319042
-417380 (base 9) to base 2
-111100100101101111
What is d8038b (base 14) in base 9?
14655334
What is -201133041 (base 5) in base 10?
-802271
Convert 246402 (base 8) to base 6.
1454402
Convert 5dda65 (base 15) to base 6.
240250552
Convert 112021000010200 (base 3) to base 7.
121261311
What is -23612075 (base 8) in base 15?
-6c586a
What is 220101011 (base 3) in base 9?
26334
Convert -3ac374 (base 14) to base 12.
-81b5aa
Convert -76516 (base 14) to base 5.
-33131001
Convert b1b0b (base 12) to base 7.
1652456
What is 169b1ac (base 15) in base 5?
13202040022
What is 181579 (base 10) in base 9?
306064
What is -11707335 (base 9) in base 8?
-25675413
What is -21022221012000 (base 3) in base 7?
-45054225
What is 5303191 (base 10) in base 8?
24165627
Convert 3639808 (base 10) to base 13.
9a5943
204112433 (base 5) to base 9
1532045
Convert -8e536 (base 15) to base 7.
-3565641
Convert -107741 (base 9) to base 2.
-1111110011110100
Convert ec6c6 (base 15) to base 2.
10110111010011000010
Convert 10110321012 (base 4) to base 8.
4247106
532a6 (base 14) to base 9
335456
What is -2213021 (base 4) in base 13?
-4b3b
What is 352810 (base 11) in base 13?
167b7b
Convert 4596a (base 12) to base 9.
151461
What is -a20e5 (base 16) in base 9?
-1221474
10110101100011110011010 (base 2) to base 16
5ac79a
11022220202011 (base 3) to base 11
1331a82
-1551324 (base 13) to base 10
-6828813
What is 20514035 (base 